*s**2 + 11*s - 11. Give z(-7).
10
Let p(f) = -2*f**2 + 10*f - 12. Calculate p(5).
-12
Let m(l) = l**3 + 20*l**2 + 61*l - 42. Determine m(-16).
6
Let j(z) = 67*z - 466. What is j(7)?
3
Let h(p) = 31*p - 66. What is h(2)?
-4
Let j(p) = -3*p - 1. Calculate j(-4).
11
Let n(z) = -z + 3. Calculate n(-9).
12
Let d(o) = -o + 24. Give d(-11).
35
Let v(y) = -y**3 - 3*y**2 - 2*y - 1. What is v(-4)?
23
Let y(p) = p**3 - 2*p**2 - 8*p - 6. Give y(4).
-6
Let n(q) = 2*q - 16. Calculate n(-11).
-38
Let j(q) = -q**2 + 10*q + 14. Determine j(6).
38
Let h(f) = -2*f**2 + 3*f - 4. Give h(2).
-6
Let s(x) = -3*x**2 - 2*x + 7. What is s(-3)?
-14
Let n(f) = -f**3 - 21*f**2 - f + 2. Give n(-21).
23
Let w(n) = -16*n + 21. Determine w(3).
-27
Let j(o) = 17*o - 2. Determine j(1).
15
Let v(t) = t + 2. Give v(-1).
1
Let m(b) = -b**3 + 17*b**2 - 3*b + 25. What is m(17)?
-26
Let u(f) = -f**3 + 5*f**2 - 4*f. What is u(4)?
0
Let l(u) = 26*u - 54. What is l(2)?
-2
Let r(b) = b**3 - 3*b**2 + 2*b. Calculate r(1).
0
Let a(h) = -h**3 - 10*h**2 - 4*h + 43. Give a(-9).
-2
Let n(k) = -k**2 - 27*k - 146. Determine n(-15).
34
Let l(h) = -h + 11. Give l(8).
3
Let d(w) = -5*w + 2. Calculate d(-1).
7
Let u(c) = 5*c - 103. Give u(19).
-8
Let j(b) = -5*b**2 + 12. Calculate j(4).
-68
Let m(r) = -r - 4. Calculate m(0).
-4
Let s(w) = -w**3 - 8*w**2 + 2*w + 4. Calculate s(-6).
-80
Let d(c) = c**3 + 10*c**2 - 10*c + 14. Calculate d(-11).
3
Let o(m) = m**3 - m**2 - m + 27. Calculate o(0).
27
Let z(g) = -g**3 + 11*g**2 + 11*g + 29. Calculate z(12).
17
Let d(q) = -8*q - 6. Calculate d(5).
-46
Let t(b) = -b**2 + 14*b + 38. What is t(14)?
38
Let n(h) = 16*h**2 + 206*h - 24. Determine n(-13).
2
Let z(j) = -j**2 - 2*j + 10. Calculate z(0).
10
Let b(r) = -r**2 - 26*r - 120. What is b(-19)?
13
Let p(x) = -x**3 + 6*x**2 + 4*x + 6. Calculate p(6).
30
Let l(o) = -o**3 + o**2 - 4*o + 34. Give l(3).
4
Let x(f) = f - 19. What is x(12)?
-7
Let b(n) = -n - 2. What is b(-5)?
3
Let p(k) = k**3 - 10*k**2 + 12*k - 5. Calculate p(9).
22
Let r(n) = n + 4. Give r(-2).
2
Let l(f) = -f**3 - 20*f**2 + 4*f + 13. Give l(-20).
-67
Let p(n) = -2*n**2 - 16*n - 31. What is p(-6)?
-7
Let y(f) = f**2 - 19*f + 29. Give y(14).
-41
Let q(k) = k**2 + 6*k + 10. Calculate q(-7).
17
Let d(q) = -15*q - 5. Calculate d(-4).
55
Let d(m) = m - 2. What is d(-6)?
-8
Let j(s) = s**2 + 15*s - 21. Give j(-16).
-5
Let k(v) = -19*v + 10. Determine k(6).
-104
Let d(b) = -b**3 - b**2 - 3*b - 7. Calculate d(-2).
3
Let o(y) = y**2 - 3*y - 1. Give o(3).
-1
Let f(k) = -136*k + 545. Determine f(4).
1
Let d(q) = -q**3 + 10*q**2 + 3*q + 13. Give d(10).
43
Let h(c) = c**2 + 5*c + 3. Calculate h(-5).
3
Let o(y) = -y**3 + 7*y**2 + 4*y - 1. Calculate o(8).
-33
Let k(j) = -j**3 + 3*j**2 - j - 4. Determine k(0).
-4
Let k(i) = 2*i**2 - i - 15. Give k(-3).
6
Let n(h) = 2*h - 3. Give n(-9).
-21
Let n(z) = -z**3 - 9*z**2 + 5*z - 7. What is n(-9)?
-52
Let p(o) = -o**2 + 29*o + 669. What is p(44)?
9
Let c(p) = -4*p - 3. Give c(-5).
17
Let b(s) = -s**2 - 17*s + 110. Give b(-21).
26
Let s(k) = 2*k**2 - 4*k - 85. Determine s(-6).
11
Let u(n) = n**3 + 21*n**2 + 25*n + 39. Give u(-20).
-61
Let d(o) = -6*o - 11. Calculate d(-14).
73
Let d(r) = -2*r + 1. Determine d(4).
-7
Let q(k) = -4*k - 1. What is q(-1)?
3
Let o(q) = q**3 - 6*q**2 - 11*q - 11. What is o(8)?
29
Let y(g) = 50*g**2 + g. Determine y(1).
51
Let d(o) = -9*o + 5. Determine d(5).
-40
Let k(n) = n**2 + n + 5. Calculate k(-4).
17
Let t(k) = -k**3 + 6*k**2 - 6*k + 22. Determine t(6).
-14
Let g(d) = d**3 + 5*d**2 + d. Determine g(-4).
12
Let q(z) = 4*z - 20. Give q(6).
4
Let g(b) = -b**3 + 15*b**2 + 15*b + 21. Give g(16).
5
Let u(a) = -3*a - 98. Give u(-7).
-77
Let h(i) = 5*i**3 + 2*i**2 - 1. What is h(-2)?
-33
Let j(n) = 2*n**3 - 5*n**2 - 5*n + 8. Give j(4).
36
Let a(g) = -g**2 + 25*g - 8. What is a(14)?
146
Let l(i) = -i**3 - 17*i**2 - 17*i - 12. Determine l(-16).
4
Let u(h) = h**3 + 23*h**2 + 45*h + 64. Determine u(-21).
1
Let d(p) = -p**2 - p + 8. What is d(-4)?
-4
Let k(g) = g**2 + 13*g - 26. Calculate k(-15).
4
Let m(o) = -o**2 - 7*o + 31. Calculate m(-8).
23
Let u(o) = -2*o + 11. Determine u(18).
-25
Let o(k) = -k**3 - 6*k**2 + 10*k + 3. Determine o(-6).
-57
Let i(c) = c**3 + 2*c**2 + 6*c + 3. What is i(-4)?
-53
Let r(z) = z**3 - 6*z**2 - 4*z + 10. What is r(6)?
-14
Let c(t) = -16*t - 110. Determine c(-7).
2
Let b(c) = 2*c**3 - 3. Give b(2).
13
Let q(l) = -l**3 + 8*l**2 - 7*l - 3. Determine q(6).
27
Let d(r) = 4*r**2 - 3*r - 15. Give d(-4).
61
Let a(m) = 9*m + 3. What is a(-4)?
-33
Let k(r) = 7*r**2 + 2*r + 2. Give k(-2).
26
Let v(b) = b**2 + 37*b - 322. Calculate v(7).
-14
Let g(a) = -a**2 - 7. Determine g(-5).
-32
Let b(x) = -x + 20. Give b(22).
-2
Let d(v) = 6*v + 7. Calculate d(-4).
-17
Let u(x) = 3*x + 13. Give u(10).
43
Let g(o) = o**2 + 11*o + 23. Calculate g(-6).
-7
Let b(t) = t**3 + 7*t**2 - 9*t + 1. Determine b(1).
0
Let b(f) = -2*f + 28. Calculate b(-13).
54
Let r(f) = -8*f - 46. Give r(-5).
-6
Let t(h) = h**2 - 3*h - 20. Give t(-4).
8
Let o(q) = -2*q**2 + 6*q + 6. Give o(4).
-2
Let q(t) = -t**3 + 14*t**2 + 16*t - 36. What is q(15)?
-21
Let f(z) = z**3 - z**2 + z - 11. Determine f(0).
-11
Let y(z) = -z**3 - 5*z**2 + 4*z - 8. What is y(-6)?
4
Let k(z) = z - 5. Determine k(-5).
-10
Let x(v) = 33*v - 291. Give x(9).
6
Let k(j) = 26*j**2 - j + 2. Give k(1).
27
Let u(a) = 10*a - 177. What is u(16)?
-17
Let v(o) = o**2. Determine v(-2).
4
Let b(c) = c**3 - 49*c**2 - 47*c - 149. What is b(50)?
1
Let f(a) = -3*a**2 - 2*a + 46. Calculate f(5).
-39
Let r(u) = u**3 - 9*u**2 + 11*u - 7. What is r(8)?
17
Let k(p) = -4*p**3 - 4*p**2 - 3*p. Give k(-1).
3
Let c(r) = 2*r**2 + 28*r - 34. What is c(-16)?
30
Let i(v) = 6*v + 10. Calculate i(-3).
-8
Let y(p) = 2*p**2 - 4*p + 7. Give y(6).
55
Let g(m) = 5*m + 108. Calculate g(-19).
13
Let l(c) = c**3 - 22*c**2 + 5*c - 54. Give l(22).
56
Let v(d) = -4*d**3 - 3*d**2 - 2*d. Determine v(-1).
3
Let v(d) = -d**2 + 12*d - 10. Calculate v(12).
-10
Let i(t) = -t**2 + 4*t + 13. Determine i(-7).
-64
Let i(f) = 5*f + 10. Determine i(7).
45
Let o(g) = g**2 - 21*g + 16. Give o(20).
-4
Let k(u) = u**3 + 7*u**2 - u - 56. Calculate k(-5).
-1
Let x(z) = -2*z - 20. Give x(-14).
8
Let j(n) = 16*n**2 + 14*n - 1. Calculate j(1).
29
Let u(q) = 8*q - 19. Give u(3).
5
Let t(r) = -10*r**3 + r**2 + 2*r + 1. Calculate t(-1).
10
Let u(i) = 18*i - 24. What is u(-7)?
-150
Let k(x) = 2*x**2 - 8*x - 10. Determine k(7).
32
Let s(l) = -18*l**2 + l. Calculate s(-1).
-19
Let l(u) = 6*u**2 - 298*u - 111. Give l(50).
-11
Let r(t) = -t**3 + 6*t**2 + 26*t + 4. Calculate r(9).
-5
Let p(z) = 2*z**2 - 3*z + 1. Give p(3).
10
Let m(a) = -a**2 + 13*a + 4. What is m(9)?
40
Let j(f) = -2*f**2 - 2*f + 5. Calculate j(-4).
-19
Let b(a) = a - 49. Give b(-12).
-61
Let m(z) = z**2 - 16*z + 6. What is m(8)?
-58
Let a(z) = 7*z**2 - 81*z + 81. Give a(1).
7
Let w(l) = l**2 - 11*l + 11. What is w(9)?
-7
Let n(a) = a**2 + 8*a - 9. Determine n(-9).
0
Let j(t) = -t**2 - 12*t + 16. Determine j(-13).
3
Let x(z) = -15*z - 3. Give x(-1).
12
Let m(k) = -k - 19. Determine m(-9).
-10
Let g(b) = b**3 - b**2 - 13*b + 5. Give g(-4).
-23
Let v(s) = -4*s**3 - 2*s**2 - s. Calculate v(-1).
3
Let k(i) = i**3 + 7*i**2 + 8*i - 1. Determine k(-6).
-13
Let t(p) = -8*p**2 - 2*p + 2. What is t(2)?
-34
Let n(p) = p**3 - 4*p**2 + 3*p. Give n(2).
-2
Let i(w) = w + 14. What is i(-9)?
5
Let w(f) = -f**3 + 5*f**2 + 2. What is w(5)?
2
Let n(k) = k - 2. What is n(1)?
-1
Let w(s) = -3*s - 76. Give w(-26).
2
Let r(i) = i**3 - 3*i**2 + 4*i - 3. Calculate r(3).
9
Let p(b) = -b**3 + 4*b**2 - 3*b + 2. Give p(5).
-38
Let c(h) = -h**3 + h**2 + 2*h + 9. What is c(0)?
9
Let h(s) = -s**2 - 6*s + 7. Give h(-8).
-9
Let w(a) = 2*a**2 + 28*a - 67. What is w(-16)?
-3
Let i(m) = -14*m**3 + m**2 + m - 1. Determine i(1).
-13
Let l(x) = x**2 + 14*x + 1. What is l(-12)?
-23
Let i(b) = b**2 + 50*b + 225. Determine i(-45).
0
Let z(m) = 2*m**2 + 3*m - 2. Give z(-4).
18
Let g(q) = q**3 - 14*q**2 - 9*q - 93. Give g(15).
-3
Let p(v) = 2*v**3 + v**2 + 3. Calculate p(2).
23
Let y(n) = -5*n**3 + 3*n**2 - 7*n + 1. What is y(3)?
-128
Let t(r) = -14*r + 28. What is t(2)?
0
Let s(t) = -2*t - 37. Give s(-25).
13
Let r(s) = -s**3 + 7*s**2. Give r(3).
36
Let m(y) = -y**3 + 52*y**2 - 99*y - 53. W